{"id":1413,"date":"2021-05-18T14:43:15","date_gmt":"2021-05-18T13:43:15","guid":{"rendered":"https:\/\/www.kinosursee.ch\/?page_id=1413"},"modified":"2026-03-14T13:39:15","modified_gmt":"2026-03-14T12:39:15","slug":"das-ist-der-vierte-film","status":"publish","type":"page","link":"https:\/\/www.kinosursee.ch\/?page_id=1413","title":{"rendered":"das ist der vierte Film"},"content":{"rendered":"<div data-colibri-id=\"1413-c1\" class=\"style-1002 style-local-1413-c1 position-relative\">\n  <!---->\n  <div data-colibri-component=\"section\" data-colibri-id=\"1413-c2\" id=\"about\" class=\"h-section h-section-global-spacing d-flex align-items-lg-center align-items-md-center align-items-center style-1003 style-local-1413-c2 position-relative\">\n    <!---->\n    <!---->\n    <div class=\"h-section-grid-container h-section-boxed-container\">\n      <!---->\n      <div data-colibri-id=\"1413-c3\" class=\"h-row-container gutters-row-lg-2 gutters-row-md-2 gutters-row-2 gutters-row-v-lg-2 gutters-row-v-md-2 gutters-row-v-2 style-1004 style-local-1413-c3 position-relative\">\n        <!---->\n        <div class=\"h-row justify-content-lg-center justify-content-md-center justify-content-center align-items-lg-center align-items-md-center align-items-center gutters-col-lg-2 gutters-col-md-2 gutters-col-2 gutters-col-v-lg-2 gutters-col-v-md-2 gutters-col-v-2\">\n          <!---->\n          <div class=\"h-column h-column-container d-flex h-col-lg-auto h-col-md-auto h-col-auto align-self-lg-center align-self-md-center align-self-center style-1005-outer style-local-1413-c4-outer\">\n            <div data-colibri-id=\"1413-c4\" class=\"d-flex h-flex-basis h-column__inner h-px-lg-0 h-px-md-0 h-px-0 v-inner-lg-0 v-inner-md-0 v-inner-0 style-1005 style-local-1413-c4 position-relative\">\n              <!---->\n              <!---->\n              <div class=\"w-100 h-y-container h-column__content h-column__v-align flex-basis-100 align-self-lg-center align-self-md-center align-self-center\">\n                <!---->\n                <div data-colibri-id=\"1413-c5\" class=\"h-row-container gutters-row-lg-0 gutters-row-md-0 gutters-row-0 gutters-row-v-lg-0 gutters-row-v-md-0 gutters-row-v-0 style-1006 style-local-1413-c5 position-relative\">\n                  <!---->\n                  <div class=\"h-row justify-content-lg-start justify-content-md-start justify-content-center align-items-lg-stretch align-items-md-stretch align-items-stretch gutters-col-lg-0 gutters-col-md-0 gutters-col-0 gutters-col-v-lg-0 gutters-col-v-md-0 gutters-col-v-0\">\n                    <!---->\n                    <div class=\"h-column h-column-container d-flex h-col-lg-auto h-col-md-auto h-col-auto style-1007-outer style-local-1413-c6-outer\">\n                      <div data-colibri-id=\"1413-c6\" class=\"d-flex h-flex-basis h-column__inner h-px-lg-0 h-px-md-0 h-px-0 v-inner-lg-0 v-inner-md-0 v-inner-0 style-1007 style-local-1413-c6 position-relative\">\n                        <!---->\n                        <!---->\n                        <div class=\"w-100 h-y-container h-column__content h-column__v-align flex-basis-auto align-self-lg-start align-self-md-start align-self-center\">\n                          <!---->\n                          <div data-colibri-id=\"1413-c7\" class=\"h-global-transition-all h-heading style-1008 style-local-1413-c7 position-relative h-element\">\n                            <!---->\n                            <div class=\"h-heading__outer style-1008 style-local-1413-c7\">\n                              <!---->\n                              <!---->\n                              <h4 class=\"\"><em style=\"color: rgb(32, 42, 84); font-family: &quot;Playfair Display&quot;;\">Heldin<\/em><\/h4>\n                            <\/div>\n                          <\/div>\n                        <\/div>\n                      <\/div>\n                    <\/div>\n                  <\/div>\n                <\/div>\n                <div data-colibri-id=\"1413-c8\" class=\"h-text h-text-component style-1010 style-local-1413-c8 position-relative h-element\">\n                  <!---->\n                  <!---->\n                  <div class=\"\">\n                    <p><span style=\"color: rgb(32, 42, 84); font-weight: 300; font-size: 103%;\">Die Pflegefachkraft Floria arbeitet mit grosser Hingabe und Professionalit\u00e4t in der Chirurgie eines Schweizer Krankenhauses. Sie geht mit viel Leidenschaft ihrem Beruf nach, doch die harte Realit\u00e4t des Jobs l\u00e4sst sich nicht immer mit den Idealvorstellungen in Einklang bringen. Insbesondere nicht an Tagen wie dem, als auf der ohnehin unterbesetzten Station eine Kollegin ausf\u00e4llt. Floria k\u00fcmmert sich trotz aller Hektik f\u00fcrsorglich und routiniert um die unterschiedlichen meist schwer kranken Patienten. Als ihr jedoch im Stress ein potenziell t\u00f6dlicher Fehler unterl\u00e4uft, wird die Belastungsgrenze der Frau gepr\u00fcft.<\/span><\/p>\n                  <\/div>\n                <\/div>\n                <div data-colibri-id=\"1413-c9\" class=\"h-lead h-text h-text-component style-1016 style-local-1413-c9 position-relative h-element\">\n                  <!---->\n                  <!---->\n                  <div class=\"\">\n                    <p><span style=\"font-family: &quot;Open Sans&quot;; font-size: 83%; font-weight: 300; color: rgb(32, 42, 84);\">Filmgenre: Drama<\/span><em style=\"font-family: &quot;Playfair Display&quot;; font-size: 83%; font-weight: 300; color: rgb(32, 42, 84);\"><br><\/em>\n                      <span\n                        style=\"font-family: &quot;Open Sans&quot;; font-size: 83%; font-weight: 300; color: rgb(32, 42, 84);\">Regie: Petra Volpe<\/span><em style=\"font-family: &quot;Playfair Display&quot;; font-size: 83%; font-weight: 300; color: rgb(32, 42, 84);\"><br><\/em><span style=\"font-family: &quot;Open Sans&quot;; font-size: 83%; font-weight: 300; color: rgb(32, 42, 84);\">Erscheinungsjahr: 2025<\/span>\n                        <em\n                          style=\"font-family: &quot;Playfair Display&quot;; font-size: 83%; font-weight: 300; color: rgb(32, 42, 84);\">\n                          <br>\n                          <\/em><span style=\"font-family: &quot;Open Sans&quot;; font-size: 83%; font-weight: 300; color: rgb(32, 42, 84);\">L\u00e4nge: 90 Minuten<\/span><em style=\"font-family: &quot;Playfair Display&quot;; font-size: 83%; font-weight: 300; color: rgb(32, 42, 84);\"><br><\/em>\n                          <span\n                            style=\"font-family: &quot;Open Sans&quot;; font-size: 16.6px; font-weight: 300; color: rgb(32, 42, 84);\">Sprache: Deutsch<\/span><em style=\"font-family: &quot;Playfair Display&quot;; font-size: 83%; font-weight: 300; color: rgb(32, 42, 84);\"><br><\/em><span style=\"font-family: &quot;Open Sans&quot;; font-size: 83%; font-weight: 300; color: rgb(32, 42, 84);\">Altersfreigabe: 6<\/span><\/p>\n                  <\/div>\n                <\/div>\n              <\/div>\n            <\/div>\n          <\/div>\n          <div class=\"h-column h-column-container d-flex h-col-lg-auto h-col-md-auto h-col-auto align-self-lg-center align-self-md-center align-self-center style-1012-outer style-local-1413-c10-outer\">\n            <div data-colibri-id=\"1413-c10\" class=\"d-flex h-flex-basis h-column__inner h-px-lg-0 h-px-md-0 h-px-0 v-inner-lg-0 v-inner-md-0 v-inner-0 style-1012 style-local-1413-c10 position-relative\">\n              <!---->\n              <!---->\n              <div class=\"w-100 h-y-container h-column__content h-column__v-align flex-basis-100 align-self-lg-center align-self-md-center align-self-center\">\n                <!---->\n                <div data-colibri-id=\"1413-c11\" class=\"h-multiple-image style-1013 style-local-1413-c11 position-relative h-element\">\n                  <!---->\n                  <div class=\"position-relative\">\n                    <div class=\"h-multiple-image-inside-container\">\n                      <div class=\"ratio-inner\">\n                        <div data-colibri-id=\"1413-c12\" class=\"d-block style-1014 style-local-1413-c12 position-relative h-element\">\n                          <!---->\n                          <div class=\"h-image__frame-container-outer\">\n                            <div class=\"h-image__frame-container\">\n                              <!---->\n                              <!---->\n                              <img loading=\"lazy\" decoding=\"async\" width=\"1919\" height=\"1251\" src=\"https:\/\/www.kinosursee.ch\/wp-content\/uploads\/2026\/03\/cropped-Heldin2.jpg\" class=\"style-1013-images style-local-1413-c11-images wp-image-4466 style-1014-image style-local-1413-c12-image\" alt=\"\" srcset=\"https:\/\/www.kinosursee.ch\/wp-content\/uploads\/2026\/03\/cropped-Heldin2.jpg 1919w, https:\/\/www.kinosursee.ch\/wp-content\/uploads\/2026\/03\/cropped-Heldin2-300x196.jpg 300w, https:\/\/www.kinosursee.ch\/wp-content\/uploads\/2026\/03\/cropped-Heldin2-1024x668.jpg 1024w, https:\/\/www.kinosursee.ch\/wp-content\/uploads\/2026\/03\/cropped-Heldin2-768x501.jpg 768w, https:\/\/www.kinosursee.ch\/wp-content\/uploads\/2026\/03\/cropped-Heldin2-1536x1001.jpg 1536w\" sizes=\"auto, (max-width: 1919px) 100vw, 1919px\" \/>\n                              <div class=\"h-image__frame h-hide-lg h-hide-md h-hide-sm style-1014-frameImage style-local-1413-c12-frameImage\"><\/div>\n                            <\/div>\n                          <\/div>\n                        <\/div>\n                        <div data-colibri-id=\"1413-c13\" class=\"d-block style-1015 style-local-1413-c13 position-relative h-element\">\n                          <!---->\n                          <div class=\"h-image__frame-container-outer\">\n                            <div class=\"h-image__frame-container\">\n                              <!---->\n                              <div class=\"h-image__overlay style-1015-overlay style-local-1413-c13-overlay\">\n                                <div class=\"overlay-layer\">\n                                  <div class=\"overlay-image-layer\" style=\"background-color: rgb(255, 255, 255); opacity: 0.5;\"><\/div>\n                                <\/div>\n                              <\/div>\n                              <img loading=\"lazy\" decoding=\"async\" width=\"677\" height=\"418\" src=\"https:\/\/www.kinosursee.ch\/wp-content\/uploads\/2026\/03\/cropped-Heldin4.jpg\" class=\"style-1013-images style-local-1413-c11-images wp-image-4469 style-1015-image style-local-1413-c13-image\" alt=\"\" srcset=\"https:\/\/www.kinosursee.ch\/wp-content\/uploads\/2026\/03\/cropped-Heldin4.jpg 677w, https:\/\/www.kinosursee.ch\/wp-content\/uploads\/2026\/03\/cropped-Heldin4-300x185.jpg 300w\" sizes=\"auto, (max-width: 677px) 100vw, 677px\" \/>\n                              <div class=\"h-image__frame h-hide-lg h-hide-md h-hide-sm style-1015-frameImage style-local-1413-c13-frameImage\"><\/div>\n                            <\/div>\n                          <\/div>\n                        <\/div>\n                        <div data-colibri-id=\"1413-c14\" class=\"d-block style-1123 style-local-1413-c14 position-relative h-element\">\n                          <!---->\n                          <div class=\"h-image__frame-container-outer\">\n                            <div class=\"h-image__frame-container\">\n                              <!---->\n                              <!---->\n                              <img loading=\"lazy\" decoding=\"async\" width=\"1299\" height=\"866\" src=\"https:\/\/www.kinosursee.ch\/wp-content\/uploads\/2026\/03\/cropped-Heldin3.jpg\" class=\"style-1013-images style-local-1413-c11-images wp-image-4471 style-1123-image style-local-1413-c14-image\" alt=\"\" srcset=\"https:\/\/www.kinosursee.ch\/wp-content\/uploads\/2026\/03\/cropped-Heldin3.jpg 1299w, https:\/\/www.kinosursee.ch\/wp-content\/uploads\/2026\/03\/cropped-Heldin3-300x200.jpg 300w, https:\/\/www.kinosursee.ch\/wp-content\/uploads\/2026\/03\/cropped-Heldin3-1024x683.jpg 1024w, https:\/\/www.kinosursee.ch\/wp-content\/uploads\/2026\/03\/cropped-Heldin3-768x512.jpg 768w\" sizes=\"auto, (max-width: 1299px) 100vw, 1299px\" \/>\n                              <div class=\"h-image__frame h-hide-lg h-hide-md h-hide-sm style-1123-frameImage style-local-1413-c14-frameImage\"><\/div>\n                            <\/div>\n                          <\/div>\n                        <\/div>\n                      <\/div>\n                    <\/div>\n                  <\/div>\n                <\/div>\n              <\/div>\n            <\/div>\n          <\/div>\n        <\/div>\n      <\/div>\n    <\/div>\n  <\/div>\n<\/div>","protected":false},"excerpt":{"rendered":"<p>Heldin Die Pflegefachkraft Floria arbeitet mit grosser Hingabe und Professionalit\u00e4t in der Chirurgie eines Schweizer Krankenhauses. Sie geht mit viel Leidenschaft ihrem Beruf nach, doch die harte Realit\u00e4t des Jobs l\u00e4sst sich nicht immer mit den Idealvorstellungen in Einklang bringen. Insbesondere nicht an Tagen wie dem, als auf der ohnehin unterbesetzten Station eine Kollegin ausf\u00e4llt. [&hellip;]<\/p>\n","protected":false},"author":1,"featured_media":0,"parent":0,"menu_order":0,"comment_status":"closed","ping_status":"closed","template":"page-templates\/full-width-page.php","meta":{"footnotes":""},"class_list":["post-1413","page","type-page","status-publish","hentry"],"_links":{"self":[{"href":"https:\/\/www.kinosursee.ch\/index.php?rest_route=\/wp\/v2\/pages\/1413","targetHints":{"allow":["GET"]}}],"collection":[{"href":"https:\/\/www.kinosursee.ch\/index.php?rest_route=\/wp\/v2\/pages"}],"about":[{"href":"https:\/\/www.kinosursee.ch\/index.php?rest_route=\/wp\/v2\/types\/page"}],"author":[{"embeddable":true,"href":"https:\/\/www.kinosursee.ch\/index.php?rest_route=\/wp\/v2\/users\/1"}],"replies":[{"embeddable":true,"href":"https:\/\/www.kinosursee.ch\/index.php?rest_route=%2Fwp%2Fv2%2Fcomments&post=1413"}],"version-history":[{"count":17,"href":"https:\/\/www.kinosursee.ch\/index.php?rest_route=\/wp\/v2\/pages\/1413\/revisions"}],"predecessor-version":[{"id":4473,"href":"https:\/\/www.kinosursee.ch\/index.php?rest_route=\/wp\/v2\/pages\/1413\/revisions\/4473"}],"wp:attachment":[{"href":"https:\/\/www.kinosursee.ch\/index.php?rest_route=%2Fwp%2Fv2%2Fmedia&parent=1413"}],"curies":[{"name":"wp","href":"https:\/\/api.w.org\/{rel}","templated":true}]}}