{"id":3700,"date":"2025-12-30T18:46:15","date_gmt":"2025-12-30T17:46:15","guid":{"rendered":"https:\/\/www.kinosursee.ch\/?page_id=3700"},"modified":"2026-01-02T21:37:47","modified_gmt":"2026-01-02T20:37:47","slug":"jubilaeum","status":"publish","type":"page","link":"https:\/\/www.kinosursee.ch\/?page_id=3700","title":{"rendered":"Jubil\u00e4um"},"content":{"rendered":"<div data-colibri-id=\"3700-c1\" class=\"style-1231 style-local-3700-c1 position-relative\">\n  <!---->\n  <div data-colibri-component=\"section\" data-colibri-id=\"3700-c2\" id=\"photo-gallery\" class=\"h-section h-section-global-spacing d-flex align-items-lg-center align-items-md-center align-items-center style-1277 style-local-3700-c2 position-relative\">\n    <!---->\n    <!---->\n    <div class=\"h-section-grid-container h-section-boxed-container\">\n      <!---->\n      <div data-colibri-id=\"3700-c3\" class=\"h-row-container gutters-row-lg-1 gutters-row-md-1 gutters-row-2 gutters-row-v-lg-1 gutters-row-v-md-1 gutters-row-v-2 style-1278 style-local-3700-c3 position-relative\">\n        <!---->\n        <div class=\"h-row justify-content-lg-center justify-content-md-center justify-content-center align-items-lg-stretch align-items-md-stretch align-items-stretch gutters-col-lg-1 gutters-col-md-1 gutters-col-2 gutters-col-v-lg-1 gutters-col-v-md-1 gutters-col-v-2\">\n          <!---->\n          <div class=\"h-column h-column-container d-flex h-col-lg-auto h-col-md-auto h-col-auto style-1279-outer style-local-3700-c4-outer\">\n            <div data-colibri-id=\"3700-c4\" class=\"d-flex h-flex-basis h-column__inner h-px-lg-2 h-px-md-2 h-px-2 v-inner-lg-2 v-inner-md-2 v-inner-2 style-1279 style-local-3700-c4 position-relative\">\n              <!---->\n              <!---->\n              <div class=\"w-100 h-y-container h-column__content h-column__v-align flex-basis-100 align-self-lg-center align-self-md-center align-self-center\">\n                <!---->\n                <div data-colibri-id=\"3700-c5\" class=\"h-global-transition-all h-heading style-1280 style-local-3700-c5 position-relative h-element\">\n                  <!---->\n                  <div class=\"h-heading__outer style-1280 style-local-3700-c5\">\n                    <!---->\n                    <!---->\n                    <h1 class=\"\"><span style=\"color: rgb(0, 0, 0);\">30-j\u00e4hriges <\/span><em style=\"color: rgb(0, 0, 0); font-family: &quot;Playfair Display&quot;;\">Jubil\u00e4um<\/em><span style=\"color: rgb(0, 0, 0);\">&nbsp;<\/span><\/h1>\n                  <\/div>\n                <\/div>\n                <div data-colibri-id=\"3700-c6\" class=\"h-lead h-text h-text-component style-1281 style-local-3700-c6 position-relative h-element\">\n                  <!---->\n                  <!---->\n                  <div class=\"\">\n                    <p><span style=\"color: rgb(0, 0, 0); font-weight: 300; font-size: 20px; font-family: &quot;Open Sans&quot;;\">2023 feiert das Openair Kino Sursee Jubil\u00e4um! Kaum zu glauben, dass unser Kino schon 30 Jahre auf dem Buckel hat.<\/span>\n                      <span\n                        style=\"color: rgb(0, 0, 0);\">\n                        <br>\n                        <br>Beharrlichkeit zahlt sich eben aus&#8230;<\/span>\n                    <\/p>\n                  <\/div>\n                <\/div>\n              <\/div>\n            <\/div>\n          <\/div>\n          <div class=\"h-column h-column-container d-flex h-col-lg-auto h-col-md-auto h-col-auto style-1282-outer style-local-3700-c7-outer\">\n            <div data-colibri-id=\"3700-c7\" class=\"d-flex h-flex-basis h-column__inner h-px-lg-0 h-px-md-0 h-px-0 v-inner-lg-0 v-inner-md-0 v-inner-0 style-1282 style-local-3700-c7 position-relative\">\n              <!---->\n              <!---->\n              <div class=\"w-100 h-y-container h-column__content h-column__v-align flex-basis-100 align-self-lg-center align-self-md-center align-self-center\">\n                <!---->\n                <div data-colibri-component=\"masonry\" data-colibri-id=\"3700-c8\" class=\"h-photo-gallery margin-none caption-none style-1283 style-local-3700-c8 position-relative h-element\">\n                  <!---->\n                  <div class=\"h-global-transition-all\"><div id='colibri-3700-c8' class='gallery-wrapper'>    <style type=\"text\/css\">\n\n        @media (min-width: 1023px) {        #colibri-3700-c8        dl {\n            float: left;\n            width: 100% !important;\n            max-width: 100% !important;\n            min-width: 100% !important;\n        }\n\n        #colibri-3700-c8        dl:nth-of-type(1n +1 ) {\n            clear: both;\n        }\n\n        }@media (min-width: 768px) and (max-width: 1023px) {        #colibri-3700-c8        dl {\n            float: left;\n            width: 100% !important;\n            max-width: 100% !important;\n            min-width: 100% !important;\n        }\n\n        #colibri-3700-c8        dl:nth-of-type(1n +1 ) {\n            clear: both;\n        }\n\n        }@media (max-width: 767px) {        #colibri-3700-c8        dl {\n            float: left;\n            width: 50% !important;\n            max-width: 50% !important;\n            min-width: 50% !important;\n        }\n\n        #colibri-3700-c8        dl:nth-of-type(2n +1 ) {\n            clear: both;\n        }\n\n        }\n        #colibri-3700-c8        .gallery-item {\n            position: relative;\n        }\n\n        \n    <\/style>\n    <div   class='colibri-3700-c8-dls-wrapper gallery-items-wrapper' ><dl class='gallery-item masonry-item'>\n\t\t\t<dt class='gallery-icon landscape'>\n\t\t\t\t<a data-fancybox=\"colibri-3700-c8-group\" href='https:\/\/www.kinosursee.ch\/wp-content\/uploads\/2025\/12\/Jubilaeum_Zeitungsausschnitt.png'><img loading=\"lazy\" decoding=\"async\"  width=\"300\" height=\"178\" src=\"https:\/\/www.kinosursee.ch\/wp-content\/uploads\/2025\/12\/Jubilaeum_Zeitungsausschnitt-300x178.png\"  class='colibri-3700-c8-image' alt=\"\" srcset=\"https:\/\/www.kinosursee.ch\/wp-content\/uploads\/2025\/12\/Jubilaeum_Zeitungsausschnitt-300x178.png 300w, https:\/\/www.kinosursee.ch\/wp-content\/uploads\/2025\/12\/Jubilaeum_Zeitungsausschnitt-768x455.png 768w, https:\/\/www.kinosursee.ch\/wp-content\/uploads\/2025\/12\/Jubilaeum_Zeitungsausschnitt.png 855w\" sizes=\"auto, (max-width: 300px) 100vw, 300px\" \/><\/a>\n\t\t\t<\/dt><\/dl>\n\t\t\t\n\t\t<\/div>\n<style>#colibri-3700-c8 .wp-caption-text.gallery-caption{display:none;}<\/style><\/div><\/div>\n                <\/div>\n              <\/div>\n            <\/div>\n          <\/div>\n        <\/div>\n      <\/div>\n    <\/div>\n  <\/div>\n<\/div>","protected":false},"excerpt":{"rendered":"<p>30-j\u00e4hriges Jubil\u00e4um&nbsp; 2023 feiert das Openair Kino Sursee Jubil\u00e4um! Kaum zu glauben, dass unser Kino schon 30 Jahre auf dem Buckel hat. Beharrlichkeit zahlt sich eben aus&#8230;<\/p>\n","protected":false},"author":2,"featured_media":0,"parent":0,"menu_order":0,"comment_status":"closed","ping_status":"closed","template":"page-templates\/full-width-page.php","meta":{"footnotes":""},"class_list":["post-3700","page","type-page","status-publish","hentry"],"_links":{"self":[{"href":"https:\/\/www.kinosursee.ch\/index.php?rest_route=\/wp\/v2\/pages\/3700","targetHints":{"allow":["GET"]}}],"collection":[{"href":"https:\/\/www.kinosursee.ch\/index.php?rest_route=\/wp\/v2\/pages"}],"about":[{"href":"https:\/\/www.kinosursee.ch\/index.php?rest_route=\/wp\/v2\/types\/page"}],"author":[{"embeddable":true,"href":"https:\/\/www.kinosursee.ch\/index.php?rest_route=\/wp\/v2\/users\/2"}],"replies":[{"embeddable":true,"href":"https:\/\/www.kinosursee.ch\/index.php?rest_route=%2Fwp%2Fv2%2Fcomments&post=3700"}],"version-history":[{"count":9,"href":"https:\/\/www.kinosursee.ch\/index.php?rest_route=\/wp\/v2\/pages\/3700\/revisions"}],"predecessor-version":[{"id":4217,"href":"https:\/\/www.kinosursee.ch\/index.php?rest_route=\/wp\/v2\/pages\/3700\/revisions\/4217"}],"wp:attachment":[{"href":"https:\/\/www.kinosursee.ch\/index.php?rest_route=%2Fwp%2Fv2%2Fmedia&parent=3700"}],"curies":[{"name":"wp","href":"https:\/\/api.w.org\/{rel}","templated":true}]}}