{"id":3728,"date":"2025-12-30T18:57:13","date_gmt":"2025-12-30T17:57:13","guid":{"rendered":"https:\/\/www.kinosursee.ch\/?page_id=3728"},"modified":"2026-01-02T20:38:43","modified_gmt":"2026-01-02T19:38:43","slug":"kulturpreis","status":"publish","type":"page","link":"https:\/\/www.kinosursee.ch\/?page_id=3728","title":{"rendered":"Kulturpreis"},"content":{"rendered":"<div data-colibri-id=\"3728-c1\" class=\"style-1239 style-local-3728-c1 position-relative\">\n  <!---->\n  <div data-colibri-component=\"section\" data-colibri-id=\"3728-c2\" id=\"photo-gallery\" class=\"h-section h-section-global-spacing d-flex align-items-lg-center align-items-md-center align-items-center style-1266 style-local-3728-c2 position-relative\">\n    <!---->\n    <!---->\n    <div class=\"h-section-grid-container h-section-boxed-container\">\n      <!---->\n      <div data-colibri-id=\"3728-c3\" class=\"h-row-container gutters-row-lg-1 gutters-row-md-1 gutters-row-2 gutters-row-v-lg-1 gutters-row-v-md-1 gutters-row-v-2 style-1267 style-local-3728-c3 position-relative\">\n        <!---->\n        <div class=\"h-row justify-content-lg-center justify-content-md-center justify-content-center align-items-lg-stretch align-items-md-stretch align-items-stretch gutters-col-lg-1 gutters-col-md-1 gutters-col-2 gutters-col-v-lg-1 gutters-col-v-md-1 gutters-col-v-2\">\n          <!---->\n          <div class=\"h-column h-column-container d-flex h-col-lg-auto h-col-md-auto h-col-auto style-1268-outer style-local-3728-c4-outer\">\n            <div data-colibri-id=\"3728-c4\" class=\"d-flex h-flex-basis h-column__inner h-px-lg-2 h-px-md-2 h-px-2 v-inner-lg-2 v-inner-md-2 v-inner-2 style-1268 style-local-3728-c4 position-relative\">\n              <!---->\n              <!---->\n              <div class=\"w-100 h-y-container h-column__content h-column__v-align flex-basis-100 align-self-lg-center align-self-md-center align-self-center\">\n                <!---->\n                <div data-colibri-id=\"3728-c5\" class=\"h-global-transition-all h-heading style-1269 style-local-3728-c5 position-relative h-element\">\n                  <!---->\n                  <div class=\"h-heading__outer style-1269 style-local-3728-c5\">\n                    <!---->\n                    <!---->\n                    <h1 class=\"\"><em style=\"font-family: &quot;Playfair Display&quot;; color: rgb(0, 0, 0);\">Kulturpreis<\/em><span style=\"color: rgb(0, 0, 0);\"> Sursee<\/span><\/h1>\n                  <\/div>\n                <\/div>\n                <div data-colibri-id=\"3728-c6\" class=\"h-lead h-text h-text-component style-1270 style-local-3728-c6 position-relative h-element\">\n                  <!---->\n                  <!---->\n                  <div class=\"\">\n                    <p><span style=\"color: rgb(0, 0, 0);\">2016 erh\u00e4lt das Openair Kino Sursee den Titel als Kulturpreistr\u00e4ger der Stadt Sursee.&nbsp;<\/span><span style=\"color: rgb(0, 0, 0); font-weight: 300; font-size: 20px; font-family: &quot;Open Sans&quot;;\">Wir sind unglaublich stolz! Vielen Dank!<\/span>\n                      <span\n                        style=\"color: rgb(0, 0, 0);\">\n                        <br>\n                        <br>Zitat: &#8222;der Preis stellt eine W\u00fcrdigung der Initianten f\u00fcr das kontinuierliche Engagement, f\u00fcr die kommunale und regionale Ausstrahlung des Anlasses sowie f\u00fcr die Vielfalt des Programms dar&#8230;&#8220;\n                        <br>\n                        <\/span>\n                    <\/p>\n                  <\/div>\n                <\/div>\n              <\/div>\n            <\/div>\n          <\/div>\n          <div class=\"h-column h-column-container d-flex h-col-lg-auto h-col-md-auto h-col-auto style-1271-outer style-local-3728-c7-outer\">\n            <div data-colibri-id=\"3728-c7\" class=\"d-flex h-flex-basis h-column__inner h-px-lg-0 h-px-md-0 h-px-0 v-inner-lg-0 v-inner-md-0 v-inner-0 style-1271 style-local-3728-c7 position-relative\">\n              <!---->\n              <!---->\n              <div class=\"w-100 h-y-container h-column__content h-column__v-align flex-basis-100 align-self-lg-center align-self-md-center align-self-center\">\n                <!---->\n                <div data-colibri-component=\"masonry\" data-colibri-id=\"3728-c8\" class=\"h-photo-gallery margin-none caption-none style-1272 style-local-3728-c8 position-relative h-element\">\n                  <!---->\n                  <div class=\"h-global-transition-all\"><div id='colibri-3728-c8' class='gallery-wrapper'>    <style type=\"text\/css\">\n\n        @media (min-width: 1023px) {        #colibri-3728-c8        dl {\n            float: left;\n            width: 33.333333333333% !important;\n            max-width: 33.333333333333% !important;\n            min-width: 33.333333333333% !important;\n        }\n\n        #colibri-3728-c8        dl:nth-of-type(3n +1 ) {\n            clear: both;\n        }\n\n        }@media (min-width: 768px) and (max-width: 1023px) {        #colibri-3728-c8        dl {\n            float: left;\n            width: 33.333333333333% !important;\n            max-width: 33.333333333333% !important;\n            min-width: 33.333333333333% !important;\n        }\n\n        #colibri-3728-c8        dl:nth-of-type(3n +1 ) {\n            clear: both;\n        }\n\n        }@media (max-width: 767px) {        #colibri-3728-c8        dl {\n            float: left;\n            width: 50% !important;\n            max-width: 50% !important;\n            min-width: 50% !important;\n        }\n\n        #colibri-3728-c8        dl:nth-of-type(2n +1 ) {\n            clear: both;\n        }\n\n        }\n        #colibri-3728-c8        .gallery-item {\n            position: relative;\n        }\n\n        \n    <\/style>\n    <div   class='colibri-3728-c8-dls-wrapper gallery-items-wrapper' ><dl class='gallery-item masonry-item'>\n\t\t\t<dt class='gallery-icon landscape'>\n\t\t\t\t<a data-fancybox=\"colibri-3728-c8-group\" href='https:\/\/www.kinosursee.ch\/wp-content\/uploads\/2025\/12\/DSC04607.jpg'><img loading=\"lazy\" decoding=\"async\"  width=\"300\" height=\"169\" src=\"https:\/\/www.kinosursee.ch\/wp-content\/uploads\/2025\/12\/DSC04607-300x169.jpg\"  class='colibri-3728-c8-image' alt=\"\" srcset=\"https:\/\/www.kinosursee.ch\/wp-content\/uploads\/2025\/12\/DSC04607-300x169.jpg 300w, https:\/\/www.kinosursee.ch\/wp-content\/uploads\/2025\/12\/DSC04607-768x433.jpg 768w, https:\/\/www.kinosursee.ch\/wp-content\/uploads\/2025\/12\/DSC04607.jpg 1024w\" sizes=\"auto, (max-width: 300px) 100vw, 300px\" \/><\/a>\n\t\t\t<\/dt><\/dl><dl class='gallery-item masonry-item'>\n\t\t\t<dt class='gallery-icon landscape'>\n\t\t\t\t<a data-fancybox=\"colibri-3728-c8-group\" href='https:\/\/www.kinosursee.ch\/wp-content\/uploads\/2025\/12\/DSC04608.jpg'><img loading=\"lazy\" decoding=\"async\"  width=\"300\" height=\"169\" src=\"https:\/\/www.kinosursee.ch\/wp-content\/uploads\/2025\/12\/DSC04608-300x169.jpg\"  class='colibri-3728-c8-image' alt=\"\" srcset=\"https:\/\/www.kinosursee.ch\/wp-content\/uploads\/2025\/12\/DSC04608-300x169.jpg 300w, https:\/\/www.kinosursee.ch\/wp-content\/uploads\/2025\/12\/DSC04608-768x433.jpg 768w, https:\/\/www.kinosursee.ch\/wp-content\/uploads\/2025\/12\/DSC04608.jpg 1024w\" sizes=\"auto, (max-width: 300px) 100vw, 300px\" \/><\/a>\n\t\t\t<\/dt><\/dl><dl class='gallery-item masonry-item'>\n\t\t\t<dt class='gallery-icon landscape'>\n\t\t\t\t<a data-fancybox=\"colibri-3728-c8-group\" href='https:\/\/www.kinosursee.ch\/wp-content\/uploads\/2025\/12\/IMG-20160102-WA0003.jpg'><img loading=\"lazy\" decoding=\"async\"  width=\"300\" height=\"225\" src=\"https:\/\/www.kinosursee.ch\/wp-content\/uploads\/2025\/12\/IMG-20160102-WA0003-300x225.jpg\"  class='colibri-3728-c8-image' alt=\"\" srcset=\"https:\/\/www.kinosursee.ch\/wp-content\/uploads\/2025\/12\/IMG-20160102-WA0003-300x225.jpg 300w, https:\/\/www.kinosursee.ch\/wp-content\/uploads\/2025\/12\/IMG-20160102-WA0003-768x576.jpg 768w, https:\/\/www.kinosursee.ch\/wp-content\/uploads\/2025\/12\/IMG-20160102-WA0003.jpg 1024w\" sizes=\"auto, (max-width: 300px) 100vw, 300px\" \/><\/a>\n\t\t\t<\/dt><\/dl><dl class='gallery-item masonry-item'>\n\t\t\t<dt class='gallery-icon landscape'>\n\t\t\t\t<a data-fancybox=\"colibri-3728-c8-group\" href='https:\/\/www.kinosursee.ch\/wp-content\/uploads\/2025\/12\/IMG-20151029-WA0001.jpg'><img loading=\"lazy\" decoding=\"async\"  width=\"300\" height=\"180\" src=\"https:\/\/www.kinosursee.ch\/wp-content\/uploads\/2025\/12\/IMG-20151029-WA0001-300x180.jpg\"  class='colibri-3728-c8-image' alt=\"\" srcset=\"https:\/\/www.kinosursee.ch\/wp-content\/uploads\/2025\/12\/IMG-20151029-WA0001-300x180.jpg 300w, https:\/\/www.kinosursee.ch\/wp-content\/uploads\/2025\/12\/IMG-20151029-WA0001-768x461.jpg 768w, https:\/\/www.kinosursee.ch\/wp-content\/uploads\/2025\/12\/IMG-20151029-WA0001.jpg 1024w\" sizes=\"auto, (max-width: 300px) 100vw, 300px\" \/><\/a>\n\t\t\t<\/dt><\/dl><dl class='gallery-item masonry-item'>\n\t\t\t<dt class='gallery-icon portrait'>\n\t\t\t\t<a data-fancybox=\"colibri-3728-c8-group\" href='https:\/\/www.kinosursee.ch\/wp-content\/uploads\/2025\/12\/IMG-20151224-WA0004.jpg'><img loading=\"lazy\" decoding=\"async\"  width=\"235\" height=\"300\" src=\"https:\/\/www.kinosursee.ch\/wp-content\/uploads\/2025\/12\/IMG-20151224-WA0004-235x300.jpg\"  class='colibri-3728-c8-image' alt=\"\" srcset=\"https:\/\/www.kinosursee.ch\/wp-content\/uploads\/2025\/12\/IMG-20151224-WA0004-235x300.jpg 235w, https:\/\/www.kinosursee.ch\/wp-content\/uploads\/2025\/12\/IMG-20151224-WA0004-768x981.jpg 768w, https:\/\/www.kinosursee.ch\/wp-content\/uploads\/2025\/12\/IMG-20151224-WA0004.jpg 802w\" sizes=\"auto, (max-width: 235px) 100vw, 235px\" \/><\/a>\n\t\t\t<\/dt><\/dl><dl class='gallery-item masonry-item'>\n\t\t\t<dt class='gallery-icon portrait'>\n\t\t\t\t<a data-fancybox=\"colibri-3728-c8-group\" href='https:\/\/www.kinosursee.ch\/wp-content\/uploads\/2025\/12\/IMG-20151030-WA0002.jpg'><img loading=\"lazy\" decoding=\"async\"  width=\"169\" height=\"300\" src=\"https:\/\/www.kinosursee.ch\/wp-content\/uploads\/2025\/12\/IMG-20151030-WA0002-169x300.jpg\"  class='colibri-3728-c8-image' alt=\"\" srcset=\"https:\/\/www.kinosursee.ch\/wp-content\/uploads\/2025\/12\/IMG-20151030-WA0002-169x300.jpg 169w, https:\/\/www.kinosursee.ch\/wp-content\/uploads\/2025\/12\/IMG-20151030-WA0002.jpg 576w\" sizes=\"auto, (max-width: 169px) 100vw, 169px\" \/><\/a>\n\t\t\t<\/dt><\/dl>\n\t\t\t\n\t\t<\/div>\n<style>#colibri-3728-c8 .wp-caption-text.gallery-caption{display:none;}<\/style><\/div><\/div>\n                <\/div>\n              <\/div>\n            <\/div>\n          <\/div>\n        <\/div>\n      <\/div>\n    <\/div>\n  <\/div>\n<\/div>","protected":false},"excerpt":{"rendered":"<p>Kulturpreis Sursee 2016 erh\u00e4lt das Openair Kino Sursee den Titel als Kulturpreistr\u00e4ger der Stadt Sursee.&nbsp;Wir sind unglaublich stolz! Vielen Dank! Zitat: &#8222;der Preis stellt eine W\u00fcrdigung der Initianten f\u00fcr das kontinuierliche Engagement, f\u00fcr die kommunale und regionale Ausstrahlung des Anlasses sowie f\u00fcr die Vielfalt des Programms dar&#8230;&#8220;<\/p>\n","protected":false},"author":2,"featured_media":0,"parent":0,"menu_order":0,"comment_status":"closed","ping_status":"closed","template":"page-templates\/full-width-page.php","meta":{"footnotes":""},"class_list":["post-3728","page","type-page","status-publish","hentry"],"_links":{"self":[{"href":"https:\/\/www.kinosursee.ch\/index.php?rest_route=\/wp\/v2\/pages\/3728","targetHints":{"allow":["GET"]}}],"collection":[{"href":"https:\/\/www.kinosursee.ch\/index.php?rest_route=\/wp\/v2\/pages"}],"about":[{"href":"https:\/\/www.kinosursee.ch\/index.php?rest_route=\/wp\/v2\/types\/page"}],"author":[{"embeddable":true,"href":"https:\/\/www.kinosursee.ch\/index.php?rest_route=\/wp\/v2\/users\/2"}],"replies":[{"embeddable":true,"href":"https:\/\/www.kinosursee.ch\/index.php?rest_route=%2Fwp%2Fv2%2Fcomments&post=3728"}],"version-history":[{"count":9,"href":"https:\/\/www.kinosursee.ch\/index.php?rest_route=\/wp\/v2\/pages\/3728\/revisions"}],"predecessor-version":[{"id":4155,"href":"https:\/\/www.kinosursee.ch\/index.php?rest_route=\/wp\/v2\/pages\/3728\/revisions\/4155"}],"wp:attachment":[{"href":"https:\/\/www.kinosursee.ch\/index.php?rest_route=%2Fwp%2Fv2%2Fmedia&parent=3728"}],"curies":[{"name":"wp","href":"https:\/\/api.w.org\/{rel}","templated":true}]}}